divided by 785.
15
What is the remainder when 39203 is divided by 1704?
11
What is the remainder when 21435 is divided by 858?
843
Calculate the remainder when 5985 is divided by 1460.
145
Calculate the remainder when 162715 is divided by 30.
25
Calculate the remainder when 504033 is divided by 12.
9
Calculate the remainder when 33993 is divided by 151.
18
What is the remainder when 3570 is divided by 238?
0
Calculate the remainder when 23952 is divided by 63.
12
Calculate the remainder when 3563 is divided by 1697.
169
Calculate the remainder when 4278522 is divided by 25.
22
What is the remainder when 3186 is divided by 86?
4
What is the remainder when 1059 is divided by 58?
15
What is the remainder when 7540 is divided by 2426?
262
What is the remainder when 15054 is divided by 14897?
157
What is the remainder when 12735 is divided by 1307?
972
Calculate the remainder when 26355 is divided by 338.
329
Calculate the remainder when 295878 is divided by 301.
296
Calculate the remainder when 6992 is divided by 2328.
8
Calculate the remainder when 9289 is divided by 20.
9
What is the remainder when 498665 is divided by 3217?
30
What is the remainder when 54598 is divided by 59?
23
Calculate the remainder when 25963 is divided by 236.
3
What is the remainder when 230814 is divided by 76933?
15
What is the remainder when 37118 is divided by 640?
638
Calculate the remainder when 268 is divided by 183.
85
Calculate the remainder when 14527 is divided by 60.
7
Calculate the remainder when 163542 is divided by 283.
251
Calculate the remainder when 379298 is divided by 13.
10
What is the remainder when 7578 is divided by 2501?
75
What is the remainder when 535 is divided by 9?
4
What is the remainder when 6175 is divided by 137?
10
Calculate the remainder when 1789984 is divided by 44.
20
Calculate the remainder when 29307 is divided by 407.
3
Calculate the remainder when 2423 is divided by 172.
15
Calculate the remainder when 7097 is divided by 43.
2
Calculate the remainder when 74474 is divided by 43.
41
Calculate the remainder when 451850 is divided by 257.
44
Calculate the remainder when 4064 is divided by 536.
312
What is the remainder when 237 is divided by 133?
104
What is the remainder when 2587 is divided by 150?
37
Calculate the remainder when 20324 is divided by 390.
44
What is the remainder when 19409 is divided by 3777?
524
Calculate the remainder when 30713 is divided by 307.
13
What is the remainder when 126804 is divided by 3961?
52
What is the remainder when 6100 is divided by 42?
10
What is the remainder when 68953 is divided by 119?
52
What is the remainder when 1944256 is divided by 41?
36
What is the remainder when 1159 is divided by 715?
444
Calculate the remainder when 728 is divided by 433.
295
Calculate the remainder when 8412 is divided by 2096.
28
Calculate the remainder when 879 is divided by 10.
9
What is the remainder when 16503 is divided by 16456?
47
What is the remainder when 33151 is divided by 1697?
908
What is the remainder when 12766 is divided by 2474?
396
What is the remainder when 110666 is divided by 5?
1
What is the remainder when 820731 is divided by 222?
219
Calculate the remainder when 3968 is divided by 3274.
694
What is the remainder when 69172 is divided by 988?
12
Calculate the remainder when 1791 is divided by 1405.
386
What is the remainder when 550614 is divided by 11715?
9
Calculate the remainder when 42513 is divided by 9.
6
Calculate the remainder when 38626 is divided by 1622.
1320
Calculate the remainder when 119936 is divided by 10.
6
Calculate the remainder when 82347 is divided by 282.
3
Calculate the remainder when 1017 is divided by 251.
13
What is the remainder when 130808 is divided by 206?
204
What is the remainder when 96428 is divided by 10?
8
What is the remainder when 31557 is divided by 15767?
23
What is the remainder when 42411 is divided by 46?
45
What is the remainder when 348393 is divided by 27?
12
Calculate the remainder when 2202 is divided by 30.
12
Calculate the remainder when 121945 is divided by 52.
5
Calculate the remainder when 5758 is divided by 253.
192
Calculate the remainder when 368389 is divided by 110.
109
What is the remainder when 37811 is divided by 37800?
11
Calculate the remainder when 1903 is divided by 453.
91
What is the remainder when 2084 is divided by 161?
152
What is the remainder when 204960 is divided by 1281?
0
Calculate the remainder when 17426 is divided by 132.
2
Calculate the remainder when 50293 is divided by 3592.
5
Calculate the remainder when 6692 is divided by 96.
68
Calculate the remainder when 12377 is divided by 4.
1
Calculate the remainder when 120283 is divided by 7.
2
What is the remainder when 5277 is divided by 5273?
4
Calculate the remainder when 7149 is divided by 79.
39
Calculate the remainder when 307115 is divided by 19.
18
What is the remainder when 65319 is divided by 8?
7
Calculate the remainder when 28148 is divided by 17.
13
Calculate the remainder when 5350 is divided by 1335.
10
Calculate the remainder when 14734 is divided by 156.
70
What is the remainder when 18925 is divided by 6102?
619
What is the remainder when 1496 is divided by 568?
360
Calculate the remainder when 10972 is divided by 965.
357
Calculate the remainder when 170445 is divided by 16.
13
What is the remainder when 1634 is divided by 574?
486
Calculate the remainder when 1833 is divided by 455.
13
What is the remainder when 248687 is divided by 8?
7
Calculate the remainder when 2121 is divided by 693.
42
What is the remainder when 54104 is divided by 887?
884
Calculate the remainder when 13793 is divided by 1709.
121
What is the remainder when 505061 is divided by 28?
25
Calculate the remainder when 27794 is divided by 27361.
433
Calculate the remainder when 198395 is divided by 99192.
11
Calculate the remainder when 49156 is divided by 204.
196
What is the remainder when 17378 is divided by 1022?
4
Calculate the remainder when 3142 is divided by 3134.
8
What is the remainder when 224384 is divided by 97?
23
What is the remainder when 359313 is divided by 55?
53
Calculate the remainder when 826 is divided by 81.
16
Calculate the remainder when 3194 is divided by 84.
2
What is the remainder when 133035 is divided by 119?
112
Calculate the remainder when 27414 is divided by 356.
2
Calculate the remainder when 155413 is divided by 1480.
13
What is the remainder when 44991 is divided by 360?
351
What is the remainder when 2069 is divided by 26?
15
What is the remainder when 210646 is divided by 67?
65
What is the remainder when 2943 is divided by 421?
417
What is the remainder when 313327 is divided by 12?
7
Calculate the remainder when 3406 is divided by 1615.
176
Calculate the remainder when 86383 is divided by 58.
21
Calculate the remainder when 20823 is divided by 234.
231
Calculate the remainder when 38154 is divided by 120.
114
What is the remainder when 17977 is divided by 100?
77
Calculate the remainder when 15321 is divided by 762.
81
Calculate the remainder when 23026 is divided by 2871.
58
What is the remainder when 82305 is divided by 2653?
62
What is the remainder when 19377 is divided by 380?
377
Calculate the remainder when 13365 is divided by 19.
8
What is the remainder when 924144 is divided by 231033?
12
What is the remainder when 275438 is divided by 44?
42
What is the remainder when 31860 is divided by 31823?
37
Calculate the remainder when 83539 is divided by 533.
391
What is the remainder when 130625 is divided by 10884?
17
Calculate the remainder when 12274 is divided by 7.
3
What is the remainder when 575170 is divided by 771?
4
What is the remainder when 26055 is divided by 118?
95
Calculate the remainder when 10346 is divided by 88.
50
What is the remainder when 314879 is divided by 64?
63
What is the remainder when 154097 is divided by 172?
157
Calculate the remainder when 101699 is divided by 30.
29
Calculate the remainder when 22045 is divided by 3130.
135
Calculate the remainder when 365 is divided by 57.
23
What is the remainder when 3853 is divided by 790?
693
What is the remainder when 21768 is divided by 10880?
8
Calculate the remainder when 241076 is divided by 1086.
1070
Calculate the remainder when 5293 is divided 